20221033 (base 4) to base 9
-53511
What is 32896 (base 10) in base 5?
2023041
Convert 2245 (base 6) to base 3.
201202
Convert -2137 (base 9) to base 7.
-4405
Convert -5961 (base 15) to base 2.
-100101000101111
What is 187 (base 11) in base 13?
138
What is -590 (base 13) in base 15?
-442
a983 (base 12) to base 6
222243
What is 1335 (base 6) in base 13?
209
-27c (base 13) to base 9
-540
-2322 (base 6) to base 2
-1000101010
What is 143554 (base 7) in base 6?
332204
Convert -10200 (base 3) to base 13.
-78
What is 846 (base 11) in base 15?
47d
What is -93c0 (base 13) in base 11?
-14399
What is 126 (base 11) in base 6?
405
What is 22121211 (base 3) in base 2?
1100010001110
3035 (base 8) to base 14
7db
What is 686 (base 11) in base 12?
584
What is -a (base 11) in base 6?
-14
1475 (base 12) to base 13
1121
-374 (base 9) to base 8
-466
What is -5116 (base 8) in base 4?
-221032
Convert 130311 (base 4) to base 10.
1845
-134513 (base 6) to base 13
-5a33
What is -1437 (base 14) in base 9?
-4814
Convert -142414 (base 5) to base 14.
-2276
Convert 7069 (base 14) to base 2.
100101101100101
1632 (base 13) to base 7
12324
28a (base 13) to base 8
704
What is -25111 (base 7) in base 4?
-1212232
Convert -520 (base 6) to base 3.
-21010
b0 (base 14) to base 12
10a
Convert -12010210 (base 3) to base 7.
-13632
What is -32002121 (base 4) in base 14?
-16d4d
Convert 1860d (base 15) to base 2.
10011010010001100
-1212300 (base 4) to base 13
-2cbb
-14300 (base 10) to base 7
-56456
-10011100010111 (base 2) to base 16
-2717
1671 (base 8) to base 16
3b9
-2102 (base 6) to base 14
-258
Convert -3041 (base 5) to base 7.
-1104
What is 11212200 (base 3) in base 15?
10c0
What is 7 (base 13) in base 14?
7
Convert -324 (base 10) to base 13.
-1bc
What is -1112211011 (base 3) in base 13?
-10b52
2001 (base 13) to base 14
185d
What is -2bb (base 14) in base 10?
-557
Convert 15612 (base 9) to base 5.
320303
-3259 (base 12) to base 13
-26a3
What is 15116 (base 8) in base 7?
25430
Convert -103131 (base 4) to base 5.
-14440
What is -8251 (base 11) in base 13?
-4ca0
Convert 11201031 (base 4) to base 11.
15a90
Convert -120200012 (base 3) to base 2.
-10110010100010
102203 (base 4) to base 9
1558
Convert -1650 (base 8) to base 9.
-1250
Convert -11a9 (base 12) to base 16.
-7d1
Convert 378 (base 11) to base 12.
314
What is -2132 (base 4) in base 6?
-422
Convert -2678 (base 15) to base 11.
-6197
Convert 160421 (base 7) to base 2.
111101011000000
Convert -12222221 (base 4) to base 3.
-1101110022
Convert -7ce2 (base 16) to base 12.
-16602
What is -111100100 (base 2) in base 13?
-2b3
What is 322220 (base 4) in base 9?
5128
-65582 (base 9) to base 16
-a9e2
What is -1202340 (base 5) in base 2?
-101011011001100
-350545 (base 6) to base 16
-7541
What is 3683 (base 16) in base 5?
421310
What is 443 (base 8) in base 5?
2131
What is -2202243 (base 5) in base 8?
-111677
Convert 4760 (base 12) to base 14.
2cac
a6c (base 14) to base 9
2734
Convert 54323 (base 6) to base 14.
2a15
What is -34 (base 15) in base 16?
-31
Convert -271 (base 14) to base 6.
-2135
What is 383 (base 14) in base 10?
703
Convert -2122 (base 5) to base 8.
-437
What is -1240310 (base 5) in base 9?
-36482
46278 (base 9) to base 14
b359
-10000121201 (base 3) to base 11
-40781
-19630 (base 12) to base 7
-213264
-1141202 (base 6) to base 13
-21362
Convert 216645 (base 7) to base 4.
21120000
What is -49a (base 12) in base 4?
-22312
-10101000100110 (base 2) to base 4
-2220212
What is -3b08 (base 13) in base 7?
-33442
Convert -103520 (base 6) to base 12.
-4ba0
What is -273 (base 9) in base 12?
-170
What is -32023 (base 7) in base 16?
-1ee2
Convert -1000220 (base 3) to base 8.
-1361
Convert -23132 (base 5) to base 15.
-762
Convert 63d4 (base 14) to base 3.
212122110
-15041 (base 8) to base 10
-6689
What is 1000010001000010 (base 2) in base 4?
20101002
What is -679 (base 14) in base 8?
-2403
14014 (base 5) to base 16
46e
What is -143670 (base 9) in base 11?
-60157
-105440 (base 6) to base 5
-242044
1100101111101101 (base 2) to base 7
305126
1033 (base 8) to base 11
450
What is 71062 (base 8) in base 12?
14b02
What is 27b1 (base 13) in base 15?
1a66
What is 1203030 (base 4) in base 11?
4851
What is 101100101110 (base 2) in base 13?
13c2
Convert 2145 (base 6) to base 9.
612
What is -1458 (base 10) in base 5?
-21313
187 (base 13) to base 11
235
What is -11166 (base 8) in base 5?
-122401
-3330030 (base 4) to base 10
-16140
-221022 (base 3) to base 14
-36b
What is 214 (base 10) in base 12?
15a
-4721 (base 10) to base 13
-21c2
Convert 1101011 (base 2) to base 6.
255
What is 111100 (base 3) in base 10?
360
What is -294 (base 10) in base 13?
-198
Convert -22341 (base 5) to base 12.
-b10
What is 73222 (base 8) in base 11?
20895
What is 3334 (base 12) in base 16?
1618
What is -2531 (base 6) in base 16?
-277
Convert aa2 (base 12) to base 9.
2125
Convert 1303 (base 4) to base 7.
223
302 (base 16) to base 2
1100000010
-32102 (base 4) to base 14
-494
Convert -100101 (base 2) to base 15.
-27
What is 6796 (base 13) in base 15?
445d
-11943 (base 11) to base 12
-9a98
-f8 (base 16) to base 4
-3320
What is -b2 (base 14) in base 11?
-132
What is -1010111001110 (base 2) in base 3?
-21122202
Convert 220200 (base 3) to base 13.
3c3
Convert 713 (base 14) to base 2.
10101101101
-33431 (base 7) to base 12
-4a82
Convert 135 (base 16) to base 4.
10311
22023 (base 4) to base 16
28b
Convert -52 (base 16) to base 9.
-101
-111010101000 (base 2) to base 5
-110002
Convert -1121002 (base 3) to base 15.
-528
12351 (base 6) to base 2
11101001011
Convert -4eae (base 15) to base 11.
-116a6
25146 (base 10) to base 4
12020322
20332 (base 4) to base 6
2354
-506 (base 11) to base 2
-1001100011
-d23 (base 14) to base 15
-b6e
What is 1855 (base 11) in base 13?
10c6
225b1 (base 12) to base 2
1011001011010101
What is 1074 (base 8) in base 2?
1000111100
1774 (base 11) to base 10
2259
50438 (base 10) to base 12
25232
Convert 430 (base 13) to base 16.
2cb
Convert -262 (base 8) to base 15.
-bd
Convert -10101000001 (base 2) to base 12.
-941
Convert 19269 (base 11) to base 8.
64471
What is 3595 (base 10) in base 15?
10ea
-4310 (base 11) to base 15
-1a4d
-106 (base 7) to base 10
-55
What is 6270 (base 10) in base 6?
45010
What is -110011100001110 (base 2) in base 3?
-1100012010
What is 1011101101 (base 2) in base 9?
1022
Convert 23330102 (base 4) to base 11.
33828
Convert 101a (base 11) to base 5.
20402
Convert -1207 (base 8) to base 15.
-2d2
1230131 (base 4) to base 6
52045
What is -1101001011 (base 2) in base 12?
-5a3
1939 (base 10) to base 16
793
What is 2142 (base 8) in base 10?
1122
What is -121220 (base 4) in base 14?
-852
Convert 7a (base 12) to base 3.
10111
What is 6073 (base 14) in base 7?
66203
-1201200121 (base 3) to base 5
-2042121
-663 (base 13) to base 14
-583
What is -36734 (base 8) in base 9?
-23645
100330 (base 4) to base 7
3106
Convert -70608 (base 10) to base 3.
-10120212010
3157 (base 9) to base 16
910
What is 8810 (base 9) in base 10?
6489
What is 2315 (base 7) in base 6?
3525
-8161 (base 9) to base 7
-23254
415 (base 9) to base 10
338
3222230 (base 4) to base 13
6ab5
-1131130 (base 5) to base 16
-5136
What is 1294 (base 11) in base 13?
9bc
122e (base 16) to base 7
16366
What is -33310 (base 4) in base 11?
-840
What is -11254 (base 7) in base 6?
-21201
1821 (base 9) to base 16
574
Convert 108 (base 16) to base 6.
1120
What is 12020 (base 4) in base 9?
475
Convert -4b2 (base 14) to base 16.
-3ac
1a61 (base 14) to base 11
3664
Convert 395 (base 13) to base 14.
32d
4824 (base 16) to base 2
100100000100100
What is 1140 (base 10) in base 16?
474
Convert -33643 (base 8) to base 16.
-37a3
Convert 45034 (base 6) to base 2.
1100010001110
Convert -315 (base 13) to base 9.
-643
1320143 (base 6) to base 9
120570
What is -8426 (base 10) in base 2?
-10000011101010
What is 7436 (base 15) in base 4?
12000000
2433 (base 13) to base 9
7010
-56403 (base 7) to base 5
-424022
Convert -2b36 (base 12) to base 9.
-6866
112 (base 8) to base 7
134
-bb5 (base 13) to base 5
-31012
-1120112220 (base 3) to base 14
-b43a
Convert -2c5 (base 13) to base 7.
-1312
-193c (base 14) to base 9
-6228
Convert -11011100 (base 3) to base 7.
-11562
What is -720 (base 8) in base 5?
-3324
What is 7234 (base 11) in base 5?
30